{"id":93,"date":"2025-01-17T18:05:12","date_gmt":"2025-01-17T18:05:12","guid":{"rendered":"https:\/\/www.golden-gestion.fr\/index.php\/about-us-ii\/"},"modified":"2025-01-18T17:09:11","modified_gmt":"2025-01-18T17:09:11","slug":"a-propos","status":"publish","type":"page","link":"https:\/\/www.golden-gestion.fr\/index.php\/a-propos\/","title":{"rendered":"\u00c0 propos de Golden Gestion"},"content":{"rendered":"<div class=\"wpb-content-wrapper\"><p>[vc_row fixed_width=\u00a0\u00bbtrue\u00a0\u00bb css=\u00a0\u00bb.vc_custom_1627562291998{margin-top: 0px !important;margin-bottom: 0px !important;border-top-width: 0px !important;border-bottom-width: 0px !important;padding-top: 10px !important;padding-bottom: 0px !important;}\u00a0\u00bb][vc_column css=\u00a0\u00bb.vc_custom_1737166815175{margin-top: 0px !important;margin-bottom: 0px !important;border-top-width: 0px !important;border-bottom-width: 0px !important;padding-top: 0px !important;padding-bottom: 0px !important;}\u00a0\u00bb]<div class=\"sohohotel-fixed-height-text-image-wrapper sohohotel-clearfix\"><div class=\"sohohotel-fixed-height-text-wrapper sohohotel-fixed-height-text-wrapper-left\"><h3 class=\"sohohotel-title-28px sohohotel-clearfix sohohotel-title-left\">Mission<\/h3><\/p>\n<h6>Notre mission est de fournir \u00e0 nos clients des solutions de location de courte dur\u00e9e exceptionnelles qui offrent un h\u00e9bergement de qualit\u00e9, un service client de premier ordre et une exp\u00e9rience de voyage inoubliable. Nous nous engageons \u00e0 simplifier le processus de location pour les propri\u00e9taires et les locataires tout en maximisant le rendement financier pour nos partenaires.<\/h6>\n<p><\/div><div class=\"sohohotel-fixed-height-image-wrapper sohohotel-fixed-height-image-wrapper-right\"><div class=\"sohohotel-fixed-height-image\" style=\"background-image: url(https:\/\/www.golden-gestion.fr\/wp-content\/uploads\/2025\/01\/Golden-Gestion-13-300x300-1.png); background-size: 600px 400px; height: 400px;\"><\/div><\/div><\/div>[\/vc_column][\/vc_row][vc_row css=\u00a0\u00bb.vc_custom_1627553435640{margin-top: 0px !important;margin-right: 0px !important;margin-bottom: 45px !important;margin-left: 0px !important;border-top-width: 0px !important;border-right-width: 0px !important;border-bottom-width: 0px !important;border-left-width: 0px !important;padding-top: 0px !important;padding-right: 0px !important;padding-bottom: 0px !important;padding-left: 0px !important;}\u00a0\u00bb][vc_column css=\u00a0\u00bb.vc_custom_1627553414681{margin-top: 0px !important;margin-right: 0px !important;margin-bottom: 0px !important;margin-left: 0px !important;border-top-width: 0px !important;border-right-width: 0px !important;border-bottom-width: 0px !important;border-left-width: 0px !important;padding-top: 0px !important;padding-right: 0px !important;padding-bottom: 0px !important;padding-left: 0px !important;}\u00a0\u00bb][vc_separator color=\u00a0\u00bbcustom\u00a0\u00bb accent_color=\u00a0\u00bb#dedede\u00a0\u00bb][\/vc_column][\/vc_row][vc_row css=\u00a0\u00bb.vc_custom_1627562303197{margin-top: 0px !important;margin-bottom: 10px !important;border-top-width: 0px !important;border-bottom-width: 0px !important;padding-top: 0px !important;padding-bottom: 0px !important;}\u00a0\u00bb][vc_column css=\u00a0\u00bb.vc_custom_1627562333686{margin-top: 0px !important;margin-bottom: 0px !important;border-top-width: 0px !important;border-bottom-width: 0px !important;padding-top: 0px !important;padding-bottom: 0px !important;}\u00a0\u00bb]<h3 class=\"sohohotel-title-28px sohohotel-clearfix sohohotel-title-center\"><\/h3>[vc_empty_space height=\u00a0\u00bb20px\u00a0\u00bb]<section class=\"sohohotel-icon-text-wrapper-1 sohohotel-clearfix\"><div class=\"sohohotel-icon-text-block sohohotel-clearfix\">\n\t\t<div class=\"sohohotel-icon\"><i class=\"fas fa-check\"><\/i><\/div>\n\t\t<div class=\"sohohotel-text\">\n\t\t\t<h4>Qualit\u00e9<\/h4>\n\t\t\t<p>Nous visons toujours l'excellence en mati\u00e8re de propri\u00e9t\u00e9s et de services. Nous nous assurons que chaque logement que nous proposons r\u00e9pond aux normes les plus \u00e9lev\u00e9es en mati\u00e8re de confort, de propret\u00e9 et d'am\u00e9nagement.<\/p>\n\t\t<\/div>\n\t\t<\/div><div class=\"sohohotel-icon-text-block sohohotel-clearfix\">\n\t\t<div class=\"sohohotel-icon\"><i class=\"fas fa-users\"><\/i><\/div>\n\t\t<div class=\"sohohotel-text\">\n\t\t\t<h4>Service client<\/h4>\n\t\t\t<p>La satisfaction de nos clients est notre priorit\u00e9 absolue. Nous sommes disponibles pour r\u00e9pondre \u00e0 leurs besoins et \u00e0 leurs pr\u00e9occupations de 8:00 heures \u00e0 22:00, 7 jours sur 7, et nous nous effor\u00e7ons de d\u00e9passer leurs attentes \u00e0 chaque \u00e9tape de leur s\u00e9jour.<\/p>\n\t\t<\/div>\n\t\t<\/div><div class=\"sohohotel-icon-text-block sohohotel-clearfix\">\n\t\t<div class=\"sohohotel-icon\"><i class=\"fas fa-compass\"><\/i><\/div>\n\t\t<div class=\"sohohotel-text\">\n\t\t\t<h4>Transparence<\/h4>\n\t\t\t<p>Nous croyons en une communication ouverte et transparente avec nos clients et nos partenaires. Nous fournissons des informations compl\u00e8tes sur les tarifs, les conditions de location et les avantages de nos services.<\/p>\n\t\t<\/div>\n\t\t<\/div><div class=\"sohohotel-icon-text-block sohohotel-clearfix\">\n\t\t<div class=\"sohohotel-icon\"><i class=\"fas fa-handshake\"><\/i><\/div>\n\t\t<div class=\"sohohotel-text\">\n\t\t\t<h4>Respect<\/h4>\n\t\t\t<p>Nous respectons les propri\u00e9taires, les locataires et les communaut\u00e9s dans lesquelles nous op\u00e9rons. Nous nous engageons \u00e0 \u00eatre de bons voisins et \u00e0 respecter les lois locales et les r\u00e9glementations en mati\u00e8re de location.<\/p>\n\t\t<\/div>\n\t\t<\/div><\/section><section class=\"sohohotel-icon-text-wrapper-1 sohohotel-clearfix\"><div class=\"sohohotel-icon-text-block sohohotel-clearfix\">\n\t\t<div class=\"sohohotel-icon\"><i class=\"fas fa-binoculars\"><\/i><\/div>\n\t\t<div class=\"sohohotel-text\">\n\t\t\t<h4>Innovation<\/h4>\n\t\t\t<p>Nous sommes constamment \u00e0 la recherche de nouvelles technologies et de solutions innovantes pour am\u00e9liorer l'exp\u00e9rience de location, que ce soit en mati\u00e8re de r\u00e9servation en ligne, de maintenance ou de gestion de la propri\u00e9t\u00e9.<\/p>\n\t\t<\/div>\n\t\t<\/div><div class=\"sohohotel-icon-text-block sohohotel-clearfix\">\n\t\t<div class=\"sohohotel-icon\"><i class=\"fas fa-spinner\"><\/i><\/div>\n\t\t<div class=\"sohohotel-text\">\n\t\t\t<h4>Durabilit\u00e9<\/h4>\n\t\t\t<p>Nous sommes conscients de notre impact sur l'environnement et nous nous effor\u00e7ons de r\u00e9duire notre empreinte \u00e9cologique en encourageant des pratiques de gestion responsable et en favorisant la durabilit\u00e9 dans nos op\u00e9rations.<\/p>\n\t\t<\/div>\n\t\t<\/div><\/section>[\/vc_column][\/vc_row]<\/p>\n<\/div>","protected":false},"excerpt":{"rendered":"<p>[vc_row fixed_width=\u00a0\u00bbtrue\u00a0\u00bb css=\u00a0\u00bb.vc_custom_1627562291998{margin-top: 0px !important;margin-bottom: 0px !important;border-top-width: 0px !important;border-bottom-width: 0px !important;padding-top: 10px !important;padding-bottom: 0px !important;}\u00a0\u00bb][vc_column css=\u00a0\u00bb.vc_custom_1737166815175{margin-top: 0px !important;margin-bottom: 0px !important;border-top-width: 0px !important;border-bottom-width: 0px !important;padding-top: 0px !important;padding-bottom: 0px !important;}\u00a0\u00bb][\/vc_column][\/vc_row][vc_row css=\u00a0\u00bb.vc_custom_1627553435640{margin-top: 0px !important;margin-right: 0px !important;margin-bottom: 45px !important;margin-left: 0px !important;border-top-width: 0px !important;border-right-width: 0px !important;border-bottom-width: 0px !important;border-left-width: 0px !important;padding-top: 0px !important;padding-right: 0px !important;padding-bottom: 0px !important;padding-left: 0px !important;}\u00a0\u00bb][vc_column css=\u00a0\u00bb.vc_custom_1627553414681{margin-top: 0px<\/p>\n<a href=\"https:\/\/www.golden-gestion.fr\/index.php\/a-propos\/\" class=\"sohohotel-more-link\">Read More<\/a>","protected":false},"author":2,"featured_media":0,"parent":0,"menu_order":0,"comment_status":"closed","ping_status":"closed","template":"","meta":{"footnotes":""},"class_list":["post-93","page","type-page","status-publish","hentry"],"_links":{"self":[{"href":"https:\/\/www.golden-gestion.fr\/index.php\/wp-json\/wp\/v2\/pages\/93","targetHints":{"allow":["GET"]}}],"collection":[{"href":"https:\/\/www.golden-gestion.fr\/index.php\/wp-json\/wp\/v2\/pages"}],"about":[{"href":"https:\/\/www.golden-gestion.fr\/index.php\/wp-json\/wp\/v2\/types\/page"}],"author":[{"embeddable":true,"href":"https:\/\/www.golden-gestion.fr\/index.php\/wp-json\/wp\/v2\/users\/2"}],"replies":[{"embeddable":true,"href":"https:\/\/www.golden-gestion.fr\/index.php\/wp-json\/wp\/v2\/comments?post=93"}],"version-history":[{"count":5,"href":"https:\/\/www.golden-gestion.fr\/index.php\/wp-json\/wp\/v2\/pages\/93\/revisions"}],"predecessor-version":[{"id":348,"href":"https:\/\/www.golden-gestion.fr\/index.php\/wp-json\/wp\/v2\/pages\/93\/revisions\/348"}],"wp:attachment":[{"href":"https:\/\/www.golden-gestion.fr\/index.php\/wp-json\/wp\/v2\/media?parent=93"}],"curies":[{"name":"wp","href":"https:\/\/api.w.org\/{rel}","templated":true}]}}